791 a composite number?
True
Is 21150707 a prime number?
False
Is 34481767 a composite number?
True
Is 309003 a prime number?
False
Is 10791289 a composite number?
False
Is 13979831 a prime number?
False
Is 36035497 composite?
False
Is 121542923 a prime number?
True
Is 1892783 a prime number?
True
Is 503062367 composite?
True
Is 841361 a prime number?
False
Is 3167743 a composite number?
True
Is 28498741 a prime number?
False
Is 12993571 a prime number?
True
Is 85706305 prime?
False
Is 71150197 a prime number?
False
Is 96786401 prime?
True
Is 2592923 a composite number?
True
Is 16958845 composite?
True
Is 4545571 prime?
True
Is 29619047 a prime number?
False
Is 153538111 a composite number?
False
Is 15589219 prime?
True
Is 1090841 prime?
True
Is 406093 composite?
False
Is 413005893 a prime number?
False
Is 49038181 prime?
False
Is 15419543 a prime number?
False
Is 12186631 composite?
True
Is 8000851 a prime number?
False
Is 30615947 a composite number?
False
Is 972641 a prime number?
False
Is 27511171 a composite number?
True
Is 8371193 a composite number?
False
Is 2872147 a composite number?
True
Is 895043 a prime number?
False
Is 435842333 prime?
True
Is 162616081 prime?
False
Is 229867 a prime number?
False
Is 350764493 composite?
True
Is 15319963 prime?
True
Is 855521 composite?
False
Is 1535531 prime?
True
Is 9576867 prime?
False
Is 10508089 composite?
True
Is 263074963 a composite number?
False
Is 4067953 composite?
True
Is 424849661 a composite number?
False
Is 661019 a prime number?
True
Is 3062593 a prime number?
False
Is 421561 composite?
True
Is 4926202 a prime number?
False
Is 79104749 prime?
True
Is 20296117 a prime number?
False
Is 60168035 a prime number?
False
Is 144698887 composite?
False
Is 2716661 a prime number?
True
Is 24849001 prime?
True
Is 62962609 composite?
True
Is 96686941 composite?
True
Is 5374783 a prime number?
False
Is 224918327 composite?
False
Is 47776027 a prime number?
False
Is 8876327 prime?
True
Is 17495981 composite?
True
Is 351990274 a composite number?
True
Is 4433771 a prime number?
True
Is 11513 composite?
True
Is 2025899 a composite number?
False
Is 1452047 composite?
False
Is 95314579 composite?
False
Is 24151241 composite?
False
Is 49968587 a composite number?
False
Is 509990423 prime?
False
Is 4500329 composite?
False
Is 10665059 a composite number?
True
Is 4595 prime?
False
Is 963377 composite?
True
Is 107630879 a prime number?
False
Is 1045836865 prime?
False
Is 7741203 prime?
False
Is 43238971 prime?
False
Is 145937617 a composite number?
True
Is 109769447 prime?
True
Is 1232521559 composite?
False
Is 659734699 composite?
True
Is 76612309 composite?
False
Is 878519 prime?
False
Is 27615473 a prime number?
True
Is 336284407 a composite number?
False
Is 69806333 a composite number?
False
Is 1335998 a prime number?
False
Is 195641 a composite number?
True
Is 18674633 a composite number?
True
Is 3885809 composite?
True
Is 1576687 a composite number?
True
Is 512295843 composite?
True
Is 44301077 a composite number?
True
Is 20468207 a composite number?
False
Is 8437613 composite?
True
Is 2456081 a prime number?
False
Is 179169 a prime number?
False
Is 1606663 a composite number?
False
Is 16878371 a composite number?
False
Is 56600959 a composite number?
False
Is 517481779 a prime number?
True
Is 1016683 a prime number?
False
Is 1846037 a prime number?
True
Is 2516399 a prime number?
False
Is 44360021 a prime number?
False
Is 20749733 prime?
False
Is 199081 composite?
False
Is 2905303 a composite number?
False
Is 5619134 a prime number?
False
Is 12535318 composite?
True
Is 86327237 composite?
True
Is 167252989 a prime number?
True
Is 5118709 a prime number?
True
Is 106657211 a prime number?
True
Is 4786213 a composite number?
False
Is 53442223 a prime number?
True
Is 571187 a prime number?
False
Is 1318523 a composite number?
True
Is 2488757 a composite number?
False
Is 1661003 prime?
True
Is 145762627 a composite number?
True
Is 2537527 a prime number?
True
Is 802073 a prime number?
True
Is 76728427 composite?
False
Is 344317397 a prime number?
True
Is 66946343 a composite number?
True
Is 40511087 a prime number?
False
Is 3819433 a prime number?
False
Is 10311657 composite?
True
Is 12726167 composite?
False
Is 25838963 a prime number?
False
Is 1019419 a prime number?
False
Is 40595627 composite?
True
Is 44415017 composite?
False
Is 11652653 composite?
False
Is 8159171 composite?
True
Is 2944057 a composite number?
False
Is 1295845 a composite number?
True
Is 387437 a prime number?
True
Is 29872007 prime?
False
Is 46815779 a composite number?
False
Is 642673 composite?
False
Is 1193699 a prime number?
False
Is 34642823 a prime number?
True
Is 25254259 prime?
True
Is 15071183 a prime number?
True
Is 21682013 composite?
True
Is 74602057 composite?
True
Is 21360881 a prime number?
True
Is 2027941 a composite number?
True
Is 1046522 a prime number?
False
Is 67683859 a composite number?
True
Is 707170823 a prime number?
False
Is 7362265 prime?
False
Is 54114349 a composite number?
True
Is 250543 prime?
True
Is 1264181 a composite number?
True
Is 2235055 prime?
False
Is 28136107 composite?
True
Is 189993811 composite?
True
Is 151619621 composite?
False
Is 26252521 composite?
False
Is 7728205 composite?
True
Is 333966497 composite?
True
Is 8304937 prime?
True
Is 15091277 prime?
False
Is 6813641 composite?
True
Is 142473 a composite number?
True
Is 1572401 a composite number?
False
Is 3040069 a prime number?
False
Is 1273457 a prime number?
True
Is 61319653 composite?
True
Is 529969 a prime number?
False
Is 470009503 a prime number?
True
Is 751169 composite?
True
Is 10508713 composite?
True
Is 169552709 a composite number?
True
Is 319590779 prime?
True
Is 6321563 composite?
False
Is 1841711 a composite number?
False
Is 166821313 composite?
False
Is 10921093 prime?
False
Is 108271433 a prime number?
True
Is 1291739 a composite number?
True
Is 23205107 a composite number?
False
Is 140788463 prime?
True
Is 1598199 prime?
False
Is 112414385 prime?
False
Is 14242643 a composite number?
False
Is 358680677 prime?
True
Is 5797639 composite?
True
Is 25893031 a prime number?
True
Is 1918067 composite?
False
Is 161429 prime?
False
Is 98183731 a composite number?
False
Is 23783359 composite?
False
Is 4765197 composite?
True
Is 28863709 prime?
False
Is 186377 a prime number?
True
Is 6560773 a prime number?
False
Is 174913 composite?
True
Is 5344697 a prime number?
True
Is 93601285 a composite number?
True
Is 68000039 prime?
True
Is 11057 a prime number?
True
Is 47364761 a composite number?
False
Is 13984337 prime?
False
Is 1927223 a prime number?
True
Is 20873 a composite number?
False
Is 89673091 prime?
True
Is 3705311 prime?
True
Is 37806247 composite?
False
Is 41197771 a prime number?
True
Is 296239613 composite?
True
Is 14570951 a composite number?
True
Is 1948109 composite?
False
Is 265997 a prime number?
False
Is 8544773 prime?
True
Is 216323 prime?
False
Is 1946027 prime?
False
Is 680057 a composite number?
True
Is 3321811 a composite number?
True
Is 5107471 prime?
False
Is 199151 a composite number?
False
Is 1780583 prime?
False
Is 97321501 composite?
False
Is 16932463 prime?
False
Is 172751023 composite?
True
Is 290081 composite?
True
Is 4724117 composite?
False
Is 2107103 a composite number?
False
Is 56569 a composite number?
False
Is 17844731 a composite number?
True
Is 205063463 a composite number?
True
Is 18909307 prime?
False
Is 50861641 prime?
True
Is 71658089 prime?
True
Is 4190533 prime?
True
Is 194933 a prime number?
True
Is 4464959 composite?
False
Is 15798233 a composite number?
True
Is 23020411 prime?
True
Is 16356289 a composite number?
True
Is 42435787 prime?
False
Is 14983483 a prime number?
False
Is 41484827 a prime number?
True
Is 2415635 a prime number?
False
Is 1750739 a composite number?
True
Is 105299 a composite number?
True
Is 3456847 composite?
False
Is 552913 a composite number?
False
Is 445427 a composite number?
False
Is 400031693 a composite number?
False
Is 676493 a composite number?
False
Is 1246123 a prime number?
False
Is 68006843 composite?
False
Is 6592277 composite?
True
Is 44753701 composite?
False
Is 19773697 a composite number?
False
Is 1863541 composite?
False
Is 150874